culate 2 - 2 - (-15 + -10 + 8).
17
Evaluate -4 + (-3 - 3 - 0) + (1 - 14).
-23
What is the value of (0 + 1 - -3) + (-12 - -2 - -13)?
7
(-46 - -60) + (-1 - 6) - 0
7
11 + 28 - (-13 + 6 + 7 + 5)
34
-21 - (13 + -10 - 3) - -6
-15
What is 1 - 10 - (0 + 4 + -26 + 23)?
-10
12 + 1 + 8 + -31
-10
(-2 - 0) + (0 + -12 - (85 + -89))
-10
(21 - (5 - 14)) + -5 + -9
16
What is the value of 13 + -14 + 5 - -3 - (11 - 3)?
-1
What is the value of 2 + (-12 - 6 - -8)?
-8
Calculate 3 - 1 - (-4 - -7 - -2).
-3
What is the value of 33 + (-3 - (26 + -27))?
31
4 + (-34 + 19 - -24)
13
-8 + 0 - (-37 + -2 - -52)
-21
What is the value of 1 - 0 - ((12 - -10) + -16 + 11)?
-16
(0 + 10 - (39 + -36)) + -7
0
What is the value of 14 - (19 + (-9 - (4 - 2)))?
6
What is (0 - 7) + -76 + 69 + 5?
-9
Calculate 2 + -8 + 1 + 18 + -8.
5
What is the value of 3 + 3 + (-24 - -12) + 7 - 9?
-8
Calculate (33 - 23 - (-2 + 9)) + -3.
0
What is the value of (12 - 20 - -1 - (-3 - -1)) + -6?
-11
What is the value of 5 + -1 + 22 + (-26 - -35) + -20?
15
What is (4 - 3) + 4 - (-26 - -14)?
17
What is the value of -15 + (8 - (31 + -19))?
-19
Calculate -13 + (37 - 3 - 12).
9
What is the value of 0 + -11 + 29 + -27 + -1 + 34?
24
Evaluate 14 - -1 - (-96 - -97).
14
6 + (3 + (8 - 8) - 9)
0
Calculate -5 + (-2 + -3 - (-17 + 15)).
-8
Calculate (14 - -10) + -34 + -7.
-17
Calculate -103 + 100 + -3 + 1.
-5
Calculate 0 - ((-27 - -24 - (5 + 2)) + -2).
12
What is the value of 9 + (-8 - 0 - -6) + 5?
12
Evaluate 19 - (39 - -4) - -13.
-11
Calculate (6 - 5) + 9 + (-2 - -4) + 2.
14
Calculate -107 - -118 - (8 - (-4 + 0 + 0)).
-1
-13 + (-30 - (-5 - 32))
-6
Evaluate 18 + (0 - 1) + -16 + 5.
6
What is the value of -14 + 24 + -4 + (0 - -3)?
9
Calculate (-11 - 2) + (11 - 25 - -21).
-6
Evaluate -48 + (29 - -7) - 3.
-15
What is the value of (-5 + 4 + 9 + 0 - 5) + 3?
6
-8 + 22 + -1 - (1 + -2)
14
2 + -1 + (60 - 59)
2
What is the value of -3 + -2 + (13 - (10 - -8)) - -2?
-8
What is the value of -13 + ((-19 - -5) + -2 - (-4 + -7))?
-18
What is 0 + 5 + 3 + 1 + 4?
13
What is -6 - (-10 - (-23 + 14)) - 19?
-24
Calculate 9 + 7 + -15 + 54 + -15.
40
Evaluate 2 - (-40 + (-1 - -80)).
-37
What is the value of (-25 - 2) + (98 - 87)?
-16
What is -14 - 17 - -23 - -26?
18
Calculate -11 - (-11 + 11 + 15) - (5 - 5).
-26
What is (1 - -2 - (51 + -42)) + -9?
-15
What is the value of (-1 - (-2 + 10)) + (1 - 1)?
-9
What is the value of -3 + (16 - 7) + -5?
1
What is (-7 - (-10 + 1 + -4)) + -6 + -6?
-6
What is 15 + -2 - 7 - (2 - 0)?
4
(234 - 253) + (1 - -5)
-13
What is the value of -33 + (-15 + 0 - -27) + -9?
-30
Calculate 2 + -25 + 9 + -2.
-16
What is 3 + (-4 - (-1 - 3)) - (13 - 17)?
7
Calculate 28 + -15 + -15 + 15.
13
-19 - (7 - 22 - (5 + -7))
-6
Calculate 12 - (8 + (6 + -32 - -10)).
20
Evaluate 6 + (10 - 13 - -29).
32
Evaluate -1 - -11 - 8 - -6.
8
What is -34 + (-4 - (-18 + 17 + -14))?
-23
What is the value of 23 + -13 + 14 + -10?
14
Evaluate 66 - 26 - (-1 - -14).
27
What is the value of 21 - (22 + 30 + 1)?
-32
What is the value of (-2 - -8) + (-2 - 2 - (-66 + 52))?
16
Calculate 6 + -4 + (0 + 2 + -2 - -4).
6
(1 - 12) + 32 - (3 + -3)
21
-21 + 13 + -2 + (1 - 3) + -5
-17
What is 6 + (1 - 9 - (22 + -2 - 25))?
3
Evaluate -6 + 2 + (-5 - -5) + 0.
-4
What is (-6 - -11) + 1 + -8?
-2
What is the value of ((-4 - 6) + 7 - -7) + -14?
-10
5 + (43 + -37 - (-1 + 10))
2
Calculate (-2 - 1) + 10 + -10 + 8 + 4.
9
Evaluate -69 + 87 + -36 - (1 + 8).
-27
Calculate (1 - 7 - (-29 + 26)) + (18 - 3).
12
Calculate 13 + 12 + (-17 - -18).
26
Calculate (-28 - -12) + 3 + -27 + 11.
-29
5 + -6 + 1 - (13 + (6 - 12))
-7
Calculate -11 + 11 + -2 - 9.
-11
159 + -168 + -2 + 8
-3
What is the value of -63 + 65 - (2 + -6 - -4 - 20)?
22
Evaluate (5 - 5) + (3 - (1 - -3)) + -1.
-2
-2 + 6 + -13 + 9
0
What is 19 + -1 + (130 - 140) + -5?
3
Evaluate (-9 - -15) + -9 + -16 + -5.
-24
What is -9 + -14 - -29 - (-2 - (1 - 2))?
7
What is the value of 12 + 6 + (-43 - -24)?
-1
What is the value of -9 - (-1 + -28 + 12 + -8 + 5)?
11
What is 2 + 25 - (19 - -34)?
-26
Evaluate -15 - -10 - (-6 + -5 + 2).
4
Evaluate -39 - (11 - ((12 - 0) + 3 - 1)).
-36
26 + -28 + (-1 - -3) - (35 + -7)
-28
What is (16 - -21) + -24 + 0 + -5 + -7?
1
Evaluate (-28 - 0 - (0 - 1)) + (-6871 - -6869).
-29
What is the value of (-2 - -3) + 25 + -32 + 1 + 3?
-2
Calculate (-8 - (-17 + 13)) + (1 - 1) + 0.
-4
What is the value of -34 + -14 + 42 - -13?
7
Evaluate 14 - (26 - (-3 + 14)).
-1
Calculate (-2 - 0) + -16 + 47 + -38 + 33.
24
(-1 - 16) + 14 - -2
-1
Evaluate 3 + 2 - (1 + 31 - 19).
-8
(-1925 - -1925) + -16 + (2 - 2)
-16
What is the value of 106 - 128 - (0 - 16)?
-6
Evaluate 21 + (-5 - -5) - (-25 + 29).
17
-7 - (2 + -14 + (0 - 15))
20
Calculate -4 - 0 - (23 - 26).
-1
2 + -3 + -143 + 139
-5
What is the value of -538 + 537 - (-1 + 3 + 0)?
-3
What is the value of 0 + (-9 - (-6 + -1) - (3 - 3))?
-2
What is the value of 22 + -6 + 3 + -4?
15
What is the value of (-3 - -12) + 5 + -28 + 4?
-10
What is -1 + (2 - 10) + 11?
2
Evaluate (2 - (-12 - -2)) + -4 + -1 + 0.
7
Calculate 6 + (-1 - 9 - -16) + 7.
19
What is 1 - ((6 - (-3 - -16)) + 5)?
3
What is the value of -8 - (-1 + (-6 - (-11 - 1)))?
-13
16 - (27 + -10 + -7)
6
What is the value of -39 - (0 + -28) - (18 + -1)?
-28
Evaluate 282 - 260 - (-2 - -27).
-3
Calculate 1 + -1 + 1 + -4 - (1304 + -1320).
13
Evaluate (-1 + 8 - (-3 + 1 + 13)) + -5.
-9
Evaluate 0 - (-13 + 28 + -14) - 0.
-1
What is the value of 11 - (40 + -6 + -10)?
-13
3 + -1 + 3 + 5 + -10
0
Evaluate 3 + (-9 - (14 - 15)).
-5
Calculate 1 - (19 + -21 + -6).
9
What is (-4 - 9 - -1) + 18?
6
(31 - 5) + (-13 - -1) + 12 + 9
35
What is the value of -6 + (8 - 9) + (3 - -2)?
-2
What is the value of 1 - (4 + (1 - 11) - -22)?
-15
What is the value of 12 - (-16 + 3 + 13 - 10)?
22
Calculate -10 + (-7 - -10 - -5).
-2
What is the value of -7 - -2 - 19 - (-6 - -7 - 7)?
-18
Evaluate (3 - 3) + (6 - (3 + -5)) + -5.
3
-239 + 251 + (1 - 8)
5
What is the value of 4 + (-11 - (11 + -10 + -24))?
16
What is (-7 - -3 - 6) + 28 + -4?
14
Evaluate (63 - 27) + -27 + (1 - 4).
6
What is (25 - 6) + 5 - 57?
-33
Evaluate (1 - 19) + 151 + -127.
6
Calculate (15 - 12) + 1 + -2 - 2.
0
Evaluate -4 - -2 - (7 + -1).
-8
What is (1 - (3 + -3)) + (743 - 742)?
2
(7 + -13 - -18) + 0 + 8 + -3
17
Evaluate 2 + (15 - (1 + (3 + -4 - -6))).
11
Calculate (5 - -2) + 2 + 0 - (40 - 46).
15
Evaluate -4 + 3 + -2 + -7 + 3.
-7
What is the value of -18 - (-1 - (4 + -4) - (-5 + 8))?
-14
Evaluate 1 + 10 + -1 + -5 + -1 + 5.
9
19 - (-10 + 21) - (0 + -6)
14
(-2 - 23) + (183 - 185)
-27
What is the value of -17 - 0 - (29 - 55 - -23)?
-14
6 + 7 + -17 + -5
-9
What is the value of (0 - -8) + -5 + 24 + -25 - 33?
-31
Calculate (-4 - -2) + (-4 - (-4 - -5) - -17).
10
2 + (6 + -5 - 4) + 15 + -21
-7
(4 - (0 + 0)) + (8 + -21 - -18)
9
Evaluate 173 + -135 + -8 + -5.
25
What is 7 + (5 + -2 + 10 - 34)?
-14
What is the value of 1 + (-2 - (0 - 7) - 12 - 6)?
-12
What is the value of -1 + 13 - (-35 + 82 + -44)?
9
Calculate 232 + -230 - ((-1 - 1) + 2 + -5).
7
47 - 14 - (-1 - -4 - (1 - 1))
30
Evaluate (-15 - -10 - (1 + 5)) + 5.
-6
Evaluate (-5 - -23) + -5 + -18 - 25.
-30
What is the value of 3 + -7 + -5 + 70 + -50?
11
-1 + -19 + -19 + 50 + -25
-14
13 + 25 - (0 + 63)
-25
Evaluate (-33 - (-20 + 4)) + 17.
0
-42 + 15 + (15 - (29 + -11))
-30
What is the value of 28 - ((11 - 19) + 37)?
-1
Evaluate 29 - (-13 + 62 - 26).
6
What is the value of (-22 - 16) + 38 + 0 + -3?
-3
(-38 - (-30 - 20)) + -14
-2
What is (14 - 2 - (-6 - -3)) + -7?
8
4 - (-3 + (-6 - (-2 + -7)))
4
Calculate 6 + (0 - 7) - -1 - -3.
3
-1 - ((-9 + 5 - 6) + (-3 - -6))
6
What is 27 + -29 + 4 + 3?
5
Evaluate (-175 - -167) + -1 + 10.
1
What is -13 - (9 - 16 - 7)?
1
Calculate 2 - (3 - 2 - (-10 - 1)).
-10
Calculate 32 + -16 + (6 - 5 - -5 - 2).
20
-38 + (12 - (29 + -38))
-17
What is the value of -11 - ((28 - 19) + -11)?
-9
-21 + 27 + -12 + -4
-10
What is (7 - 19 - -23) + -13?
-2
What is (2 - 0 - 3 - (-11 + 16)) + 28?
22
What is -8 + (-3 - -2) + 3 + -7 + 3?
-10
Calculate -12 - (-4 + -5 + 6 + -4).
-5
-14 - (7 + -5 + -14) - -13
11
Calculate (-21 - -9) + 12 + 8 + -3.
5
What is 0 + 4 - 1 - (-36 - (-168 - -138))?
9
(-5 - (15 - 23)) + 10
13
What is the value of -12 + 6 - 1 - (-14 - 0) - 8?
-1
Calculate -25 + 12 + 22 + -9.
0
What is -6 - (10 + -6 - -2) - 13?
-25
0 - (8 - (-3 - -6) - 2) - -1
-2
What 